is the tens digit of 2294?
9
What is the thousands digit of 70485?
0
What is the units digit of 118161?
1
What is the hundreds digit of 898?
8
What is the hundreds digit of 9318?
3
What is the hundreds digit of 1321?
3
What is the hundreds digit of 1107?
1
What is the units digit of 2068?
8
What is the units digit of 21275?
5
What is the thousands digit of 81657?
1
What is the tens digit of 84?
8
What is the units digit of 80542?
2
What is the ten thousands digit of 94615?
9
What is the tens digit of 7080?
8
What is the hundreds digit of 2616?
6
What is the thousands digit of 11987?
1
What is the units digit of 1162?
2
What is the hundreds digit of 17950?
9
What is the units digit of 3249?
9
What is the units digit of 4292?
2
What is the units digit of 2356?
6
What is the hundred thousands digit of 154289?
1
What is the tens digit of 8121?
2
What is the units digit of 62447?
7
What is the units digit of 7541?
1
What is the tens digit of 126672?
7
What is the hundreds digit of 114?
1
What is the hundreds digit of 3737?
7
What is the tens digit of 2666?
6
What is the units digit of 27662?
2
What is the thousands digit of 6921?
6
What is the tens digit of 703?
0
What is the ten thousands digit of 14745?
1
What is the hundreds digit of 3219?
2
What is the thousands digit of 1615?
1
What is the thousands digit of 28856?
8
What is the hundreds digit of 1042?
0
What is the tens digit of 97?
9
What is the thousands digit of 8365?
8
What is the units digit of 1027?
7
What is the thousands digit of 8650?
8
What is the hundreds digit of 2643?
6
What is the thousands digit of 1044?
1
What is the thousands digit of 1582?
1
What is the thousands digit of 4023?
4
What is the units digit of 315?
5
What is the thousands digit of 30413?
0
What is the hundreds digit of 6495?
4
What is the thousands digit of 1442?
1
What is the thousands digit of 8443?
8
What is the thousands digit of 2316?
2
What is the thousands digit of 45259?
5
What is the tens digit of 584?
8
What is the ten thousands digit of 83037?
8
What is the hundreds digit of 3002?
0
What is the tens digit of 5184?
8
What is the tens digit of 2677?
7
What is the units digit of 850?
0
What is the units digit of 9873?
3
What is the hundreds digit of 126?
1
What is the tens digit of 3708?
0
What is the hundreds digit of 820?
8
What is the units digit of 24080?
0
What is the tens digit of 75953?
5
What is the units digit of 476?
6
What is the units digit of 72229?
9
What is the tens digit of 32161?
6
What is the units digit of 2117?
7
What is the tens digit of 35862?
6
What is the tens digit of 26968?
6
What is the tens digit of 6191?
9
What is the units digit of 1927?
7
What is the tens digit of 14371?
7
What is the hundreds digit of 908?
9
What is the hundreds digit of 305?
3
What is the hundreds digit of 247?
2
What is the thousands digit of 32135?
2
What is the ten thousands digit of 117495?
1
What is the tens digit of 58352?
5
What is the units digit of 7398?
8
What is the tens digit of 131449?
4
What is the units digit of 947?
7
What is the tens digit of 17?
1
What is the tens digit of 794?
9
What is the hundreds digit of 459?
4
What is the thousands digit of 16359?
6
What is the hundreds digit of 37540?
5
What is the hundreds digit of 15664?
6
What is the thousands digit of 8263?
8
What is the hundreds digit of 20227?
2
What is the hundreds digit of 12315?
3
What is the units digit of 51?
1
What is the tens digit of 4470?
7
What is the tens digit of 4910?
1
What is the tens digit of 1965?
6
What is the hundreds digit of 702?
7
What is the units digit of 23263?
3
What is the units digit of 37361?
1
What is the tens digit of 495?
9
What is the hundreds digit of 940?
9
What is the tens digit of 905?
0
What is the thousands digit of 1732?
1
What is the tens digit of 9515?
1
What is the hundreds digit of 754?
7
What is the thousands digit of 49883?
9
What is the units digit of 1521?
1
What is the thousands digit of 22183?
2
What is the tens digit of 4894?
9
What is the hundreds digit of 10726?
7
What is the units digit of 6578?
8
What is the ten thousands digit of 13796?
1
What is the hundreds digit of 3668?
6
What is the hundreds digit of 15309?
3
What is the thousands digit of 3004?
3
What is the hundreds digit of 5908?
9
What is the hundreds digit of 170454?
4
What is the thousands digit of 3654?
3
What is the units digit of 1030?
0
What is the tens digit of 101537?
3
What is the units digit of 45?
5
What is the units digit of 14087?
7
What is the tens digit of 17731?
3
What is the hundreds digit of 123189?
1
What is the tens digit of 49713?
1
What is the tens digit of 16144?
4
What is the units digit of 7748?
8
What is the units digit of 10514?
4
What is the thousands digit of 16633?
6
What is the units digit of 538?
8
What is the thousands digit of 71203?
1
What is the units digit of 1364?
4
What is the units digit of 27136?
6
What is the tens digit of 18522?
2
What is the tens digit of 283?
8
What is the units digit of 2024?
4
What is the tens digit of 3185?
8
What is the tens digit of 7409?
0
What is the tens digit of 23978?
7
What is the hundreds digit of 12225?
2
What is the tens digit of 271?
7
What is the hundreds digit of 53830?
8
What is the thousands digit of 24086?
4
What is the hundreds digit of 1678?
6
What is the tens digit of 169101?
0
What is the tens digit of 2952?
5
What is the ten thousands digit of 35110?
3
What is the units digit of 23150?
0
What is the tens digit of 1087?
8
What is the thousands digit of 6924?
6
What is the hundreds digit of 171?
1
What is the tens digit of 6583?
8
What is the units digit of 52348?
8
What is the thousands digit of 9824?
9
What is the ten thousands digit of 42581?
4
What is the tens digit of 1222?
2
What is the tens digit of 7235?
3
What is the units digit of 2360?
0
What is the units digit of 26311?
1
What is the units digit of 2612?
2
What is the tens digit of 92?
9
What is the tens digit of 6595?
9
What is the thousands digit of 42070?
2
What is the tens digit of 3775?
7
What is the units digit of 3264?
4
What is the tens digit of 1486?
8
What is the tens digit of 174278?
7
What is the hundreds digit of 6167?
1
What is the tens digit of 2330?
3
What is the units digit of 504?
4
What is the hundreds digit of 949?
9
What is the units digit of 767?
7
What is the hundreds digit of 64077?
0
What is the tens digit of 7381?
8
What is the units digit of 51062?
2
What is the units digit of 5325?
5
What is the hundreds digit of 99105?
1
What is the units digit of 1305?
5
What is the units digit of 1766?
6
What is the units digit of 1367?
7
What is the units digit of 93126?
6
What is the units digit of 21382?
2
What is the units digit of 2887?
7
What is the units digit of 1126?
6
What is the thousands digit of 2298?
2
What is the units digit of 2068?
8
What is the hundreds digit of 8106?
1
What is the thousands digit of 1106?
1
What is the units digit of 2742?
2
What is the thousands digit of 1482?
1
What is the hundreds digit of 7213?
2
What is the tens digit of 1627?
2
What is the hundreds digit of 7072?
0
What is the units digit of 2478?
8
What is the ten thousands digit of 23818?
2
What is the units digit of 1612?
2
What is the hundreds digit of 3329?
3
What is the ten thousands digit of 10481?
1
What is the hundreds digit of 6350?
3
What is the hundreds digit of 2507?
5
What is the units digit of 7460?
0
What is the units digit of 3932?
2
What is the thousands digit of 23704?
3
What is the units digit of 1051?
1
What is the hundreds digit of 1589?
5
What is the hundreds digit of 709?
7
What is the thousands digit of 20105?
0
What is the tens digit of 64807?
0
What is the thousands digit of 5275?
5
What is the units digit of 5866?
6
What is the units digit of 1043?
3
What is the units digit of 118048?
8
What is the thousands digit of 15321?
5
What is the thousands digit of 20511?
0
What is the units digit of 1670?
0
What is the hundreds digit of 701?
7
What is the hundreds digit of 8510?
5
What is the thousands digit of 98445?
8
What is the thousands digit of 77167?
7
What is the units digit of 36582?
2
What is the thousands digit of 44456?
4
What is the thousands digit of 2604?
2
What is the thousands digit of 4514?
4
What is the units digit of